. Give w(-15).
48
Let b(u) = u**3 + 215*u**2 + 3891*u - 1789. Calculate b(-195).
-34
Let y(o) = o**2 - 84*o + 430. Determine y(60).
-1010
Let d(z) = 41552*z + 81044. Calculate d(-2).
-2060
Let s(k) = -1026*k + 68774. Calculate s(67).
32
Let w(j) = j**3 + 31*j**2 + 112*j + 2699. Calculate w(-30).
239
Let m(y) = -53*y + 20179. Calculate m(386).
-279
Let p(s) = -2*s**3 - 1468*s**2 + 45840*s - 33. What is p(-764)?
-33
Let b(m) = 10*m**3 + 25*m**2 - 111*m + 1. Give b(4).
597
Let g(i) = 80*i**3 + 3*i**2 - 1110*i - 1111. Determine g(-1).
-78
Let d(x) = 721*x + 32435. Give d(-45).
-10
Let k(b) = -b**3 - 15*b**2 - 92*b - 1416. Calculate k(-15).
-36
Let x(m) = 28*m**2 + 326*m - 3990. What is x(-19)?
-76
Let z(y) = -y**2 - 235*y - 13338. Calculate z(-139).
6
Let m(f) = -438005*f - 438002. Give m(-1).
3
Let s(i) = -17778*i + 141349. Give s(8).
-875
Let d(w) = -8*w**2 - 2285*w + 26588. Calculate d(-297).
-439
Let f(s) = s**3 + 14*s**2 + 7*s - 9. What is f(0)?
-9
Let d(a) = 178*a**2 + 96*a + 129. Calculate d(-3).
1443
Let h(n) = -12344*n + 135828. What is h(11)?
44
Let v(u) = 115*u + 3422. What is v(-39)?
-1063
Let g(o) = 242*o + 14123. What is g(-60)?
-397
Let w(b) = 11*b**2 + 661*b + 59. Calculate w(-60).
-1
Let d(u) = -4*u**2 - 1007*u - 63042. Determine d(-135).
3
Let s(k) = 635*k - 21465. Calculate s(34).
125
Let j(f) = 1562*f - 254747. Determine j(163).
-141
Let j(b) = -423*b - 1641. Give j(-1).
-1218
Let n(p) = p**3 + 45*p**2 + 433*p + 214. What is n(-13)?
-7
Let o(f) = -13*f**2 + 886*f + 30053. Give o(93).
14
Let a(p) = -222*p - 2130. What is a(-10)?
90
Let a(z) = -12*z**2 + 2780*z + 19482. Calculate a(-7).
-566
Let l(f) = 2*f**2 - 106898*f + 427578. Calculate l(4).
18
Let t(y) = 6*y**2 - 139*y - 1389. Determine t(-12).
1143
Let b(h) = -3*h**2 - 268*h - 5793. What is b(-30)?
-453
Let o(u) = -u**2 + 162*u - 3155. What is o(23)?
42
Let o(a) = 61773*a + 246895. What is o(-4)?
-197
Let q(w) = -173*w**2 - 1046*w + 2090. Determine q(2).
-694
Let j(x) = 48713*x - 243568. Calculate j(5).
-3
Let f(s) = -s**3 + 13*s**2 - 255*s + 3330. Give f(13).
15
Let v(n) = -2*n**2 - 419*n - 11908. What is v(-34)?
26
Let u(b) = -b**2 + 28206*b + 1441111. What is u(-51)?
4
Let d(r) = r**3 + 1283*r**2 - 26097*r + 769. Give d(20).
29
Let c(m) = 3*m**3 - 16*m**2 + 47986*m - 239912. What is c(5)?
-7
Let p(a) = 214060*a + 1926858. Give p(-9).
318
Let w(u) = -25*u**2 + 1362*u + 12504. Give w(-8).
8
Let w(v) = -v**2 - 7*v + 993. Determine w(28).
13
Let s(a) = -233138*a - 699412. Calculate s(-3).
2
Let g(d) = d**2 - 4288*d + 153073. Determine g(36).
1
Let l(f) = -f**3 - 553*f**2 - 5297*f + 72212. What is l(-543)?
-7
Let b(x) = 4*x**3 + 19*x**2 + 7894*x + 39504. Determine b(-5).
9
Let v(h) = 62*h**2 + 937*h + 267. What is v(-15)?
162
Let w(v) = 10*v**3 - 111*v**2 - 157*v + 1846. Calculate w(11).
-2
Let q(h) = 13713*h - 274225. Determine q(20).
35
Let h(a) = 88*a**2 + 815*a - 24. Determine h(-9).
-231
Let r(p) = -p**3 - 4*p**2 + 5444*p + 27288. What is r(-5)?
93
Let y(u) = -5859*u + 216699. What is y(37)?
-84
Let p(i) = -4*i**3 + 276*i**2 - 12*i - 1537. Calculate p(69).
-2365
Let y(t) = -33902*t - 67797. What is y(-2)?
7
Let i(o) = -20*o**3 - 1120*o**2 + 45*o + 2521. What is i(-56)?
1
Let g(f) = -47*f**3 + 656*f**2 + 27*f - 24. What is g(14)?
-38
Let d(x) = -2020*x + 511094. What is d(253)?
34
Let a(q) = -40116*q - 762236. Calculate a(-19).
-32
Let v(d) = d**3 - 171*d**2 + 21*d - 3593. What is v(171)?
-2
Let f(n) = -2523*n + 15168. What is f(6)?
30
Let o(i) = -16*i**2 + 801*i - 796. Calculate o(1).
-11
Let r(m) = 9*m**2 + 3880*m + 49698. What is r(-418)?
374
Let z(x) = -1362*x - 34316. Determine z(-25).
-266
Let f(t) = -22*t**2 - 9712*t + 15054. What is f(-443)?
-8
Let n(m) = 3*m**3 - 66*m**2 - 214*m + 1642. Determine n(24).
-38
Let p(b) = -b**3 + 10*b**2 - 467*b + 5244. Calculate p(11).
-14
Let t(p) = -50522*p + 353658. Give t(7).
4
Let r(y) = 162*y + 38645. Calculate r(-236).
413
Let v(u) = 2*u**2 - 1664*u + 18307. Give v(11).
245
Let q(o) = -2*o**3 + 17*o**2 + 148*o + 186. Determine q(-5).
121
Let p(i) = i**3 + 75*i**2 - 162*i - 93. Give p(-77).
523
Let q(t) = 27*t**2 - 520*t + 8. Calculate q(20).
408
Let a(b) = -123*b**2 + 837*b - 579. Give a(6).
15
Let k(d) = -2200*d**2 + 4*d - 20. Determine k(1).
-2216
Let s(u) = 841*u - 122777. Calculate s(146).
9
Let v(s) = 1583*s + 14396. Determine v(-9).
149
Let g(o) = -3*o**2 - 149960*o + 449891. What is g(3)?
-16
Let w(q) = -q**3 + 37*q**2 + 749*q - 27716. Calculate w(37).
-3
Let p(o) = o**2 - 163*o + 3868. Calculate p(65).
-2502
Let v(p) = -14*p - 293. Determine v(-40).
267
Let m(z) = -11*z**3 + 444*z**2 + 297*z - 418. What is m(41)?
-8
Let t(g) = -1343*g + 10730. Determine t(8).
-14
Let j(f) = 275*f**2 + 2227*f + 232. Calculate j(-8).
16
Let z(b) = b**3 - 14*b**2 - 34*b - 537. Determine z(16).
-569
Let a(s) = -3140*s + 37608. Give a(12).
-72
Let t(p) = 101*p + 13558. Calculate t(-135).
-77
Let s(b) = b**3 - 253*b**2 - 3220*b + 10723. What is s(265)?
123
Let m(f) = -4*f**2 + 9*f + 128. What is m(22)?
-1610
Let o(l) = l**3 + 13*l**2 + 16*l - 31. Give o(-12).
-79
Let q(d) = -296*d + 344. Give q(10).
-2616
Let o(d) = -3*d**3 + 4*d**2 - 404*d - 406. Give o(-1).
5
Let r(w) = -w**3 - 68*w**2 + 501*w + 4163. What is r(-74)?
-55
Let n(v) = -v**3 - 150*v**2 + 24642*v - 2236. Calculate n(-249).
5
Let j(z) = z**3 + 2*z**2 - 138328*z + 138326. Determine j(1).
1
Let u(w) = 448*w + 172860. Give u(-386).
-68
Let l(j) = -39256*j + 156821. Calculate l(4).
-203
Let v(n) = -2919*n - 42. Calculate v(0).
-42
Let g(a) = -4*a + 212. Determine g(-19).
288
Let z(r) = 3*r**3 + 560*r**2 + 1468*r - 745. Calculate z(-184).
-9
Let q(r) = -r**2 - 47*r + 6744. What is q(62)?
-14
Let j(f) = f**3 + 207*f**2 + 2726*f + 1954. Determine j(-193).
-2678
Let j(v) = 8*v**2 - 81*v + 41. Calculate j(7).
-134
Let l(b) = b**3 - 126*b**2 - 248*b - 804. What is l(128)?
220
Let t(k) = k**3 + 11*k**2 + 127*k - 39. Determine t(-10).
-1209
Let y(l) = l**2 - 718*l - 21873. Give y(-29).
-210
Let z(b) = b**3 + 83*b**2 + 548*b + 758. Give z(-2).
-14
Let p(s) = 7*s**2 - 3176*s - 29146. Determine p(-9).
5
Let t(v) = 349*v**2 - 1030*v - 29. Calculate t(3).
22
Let g(b) = 2*b**2 + 1204*b + 24150. Give g(-21).
-252
Let h(j) = j**3 - 27*j**2 - 17*j + 1671. Give h(25).
-4
Let y(x) = 30*x**2 + 635*x + 2113. What is y(-17)?
-12
Let t(w) = 4057*w - 158255. Determine t(39).
-32
Let p(l) = 2*l**3 + 234*l**2 + 2345*l + 147. Determine p(-11).
4
Let r(s) = -30338*s + 1789997. Give r(59).
55
Let c(j) = 21*j**2 - 32*j + 127. Determine c(4).
335
Let n(a) = 2605*a - 1430160. Calculate n(549).
-15
Let i(k) = -5*k**2 + 9800*k + 228040. What is i(-23)?
-5
Let s(d) = -d**3 + 41*d**2 - 576*d + 31192. What is s(44)?
40
Let c(i) = 53087*i + 3662952. Calculate c(-69).
-51
Let s(y) = 3*y**2 + 1354*y - 58425. What is s(-491)?
4
Let d(a) = 55*a + 149. Determine d(-21).
-1006
Let y(s) = 71*s - 5231. Calculate y(74).
23
Let f(l) = l**3 + 153*l**2 + 2066*l - 648. Determine f(-138).
-96
Let w(x) = -4408*x + 48259. Determine w(11).
-229
Let a(o) = -102*o**3 + 10702*o**2 + 848*o - 857. Calculate a(105).
-17
Let c(z) = -10*z**2 - 614*z - 13. Give c(0).
-13
Let l(p) = 3*p**3 - 7*p**2 - 26*p - 127. Give l(-4).
-327
Let v(o) = 2*o**2 + 250*o + 4372. Calculate v(-104).
4
Let o(p) = 1449*p - 6828. Calculate o(5).
417
Let t(n) = -n**3 - 36*n**2 + 123*n - 1173. Calculate t(-40).
307
Let j(a) = -a**3 + 128*a**2 - 37*a - 11440. What is j(127)?
-10
Let t(m) = 2*m**3 - 42*m**2 + 2886*m - 56887. Give t(20).
33
Let z(q) = -q**2 - 9668*q - 106225. Give z(-11).
2
Let m(i) = 11*i**3 + 75*i**2 - 51*i - 65. Give m(-7).
194
Let u(g) = -198*g**2 - 729*g - 29. Determine u(-6).
-2783
Let p(u) = u**2 + 2404*u + 7182. Give p(-3).
-21
Let i(g) = -3*g**2 + 77*g + 1376. What is i(-18)?
-982
Let q(w) = -w**3 - 62*w**2 - 835*w - 314. What is q(-43)?
460
Let o(x) = 2544*x + 867509. Determine o(-341).
5
Let h(z) = -z**2 - 2576*z + 363140. Determine h(134).
0
Let b(x) = 150*x + 29888. Calculate b(-197).
338
Let l(d) = -d**2 + 92*d - 3533. Calculate l(46).
-1417
Let h(o) = 2*o**3 + 1496*o**2 + 100949*o - 670. Give h(-673).
3
Let s(g) = -2*g**2 + 515*g - 11418. Give s(233).
-1
Let c(h) = 26*h**3 - 23*h**2 + 127*h - 4. Calculate c(4).
1800
Let q(l) = 432674*l